{"id":2442,"date":"2025-09-24T17:22:35","date_gmt":"2025-09-24T14:22:35","guid":{"rendered":"https:\/\/atafidancilik.com\/demo\/?post_type=product&#038;p=2442"},"modified":"2025-09-24T17:22:44","modified_gmt":"2025-09-24T14:22:44","slug":"big-lory","status":"publish","type":"product","link":"https:\/\/atafidancilik.com\/demo\/urun\/big-lory\/","title":{"rendered":"Big Lory"},"content":{"rendered":"","protected":false},"excerpt":{"rendered":"<table style=\"border-collapse: collapse; width: 100%;\">\n<tbody>\n<tr>\n<td style=\"width: 100%;\"><strong>Men\u015fei:<\/strong><\/td>\n<\/tr>\n<\/tbody>\n<\/table>\n<table style=\"border-collapse: collapse; width: 100%;\">\n<tbody>\n<tr>\n<td style=\"width: 100%;\"><strong>A\u011fa\u00e7 \u00d6zellikleri: <\/strong>\u00c7ok g\u00fc\u00e7l\u00fc, yuvarlak g\u00f6r\u00fcn\u00fcml\u00fc, yava\u015f meyvelenen ancak verimlili\u011fi iyi ve s\u00fcrekli olan bir \u00e7e\u015fittir.<\/td>\n<\/tr>\n<\/tbody>\n<\/table>\n<table style=\"border-collapse: collapse; width: 100%;\">\n<tbody>\n<tr>\n<td style=\"width: 100%;\"><strong>Meyve \u00d6zellikleri: <\/strong>Meyve irili\u011fi \u00e7ok b\u00fcy\u00fck (13,6 gr) ve koyu parlak renklidir; meyve eti canl\u0131 k\u0131rm\u0131z\u0131 renkli, orta derecede dayan\u0131kl\u0131 ve lezzetlidir. Sap\u0131 a\u011fa\u00e7tan kolayl\u0131kla ayr\u0131l\u0131r.<\/td>\n<\/tr>\n<\/tbody>\n<\/table>\n<table style=\"border-collapse: collapse; width: 100%;\">\n<tbody>\n<tr>\n<td style=\"width: 100%;\"><strong>Tozlay\u0131c\u0131lar\u0131<\/strong>: Lory Bloom<\/td>\n<\/tr>\n<\/tbody>\n<\/table>\n<table style=\"border-collapse: collapse; width: 100%;\">\n<tbody>\n<tr>\n<td style=\"width: 99.84%;\"><strong>Hasat Zaman\u0131: <\/strong>22-27 May\u0131s<\/td>\n<\/tr>\n<\/tbody>\n<\/table>\n","protected":false},"featured_media":1806,"template":"","meta":[],"product_brand":[],"product_cat":[97],"product_tag":[],"class_list":{"0":"post-2442","1":"product","2":"type-product","3":"status-publish","4":"has-post-thumbnail","6":"product_cat-kiraz-fidani","8":"first","9":"instock","10":"shipping-taxable","11":"product-type-simple"},"_links":{"self":[{"href":"https:\/\/atafidancilik.com\/demo\/wp-json\/wp\/v2\/product\/2442","targetHints":{"allow":["GET"]}}],"collection":[{"href":"https:\/\/atafidancilik.com\/demo\/wp-json\/wp\/v2\/product"}],"about":[{"href":"https:\/\/atafidancilik.com\/demo\/wp-json\/wp\/v2\/types\/product"}],"version-history":[{"count":0,"href":"https:\/\/atafidancilik.com\/demo\/wp-json\/wp\/v2\/product\/2442\/revisions"}],"wp:featuredmedia":[{"embeddable":true,"href":"https:\/\/atafidancilik.com\/demo\/wp-json\/wp\/v2\/media\/1806"}],"wp:attachment":[{"href":"https:\/\/atafidancilik.com\/demo\/wp-json\/wp\/v2\/media?parent=2442"}],"wp:term":[{"taxonomy":"product_brand","embeddable":true,"href":"https:\/\/atafidancilik.com\/demo\/wp-json\/wp\/v2\/product_brand?post=2442"},{"taxonomy":"product_cat","embeddable":true,"href":"https:\/\/atafidancilik.com\/demo\/wp-json\/wp\/v2\/product_cat?post=2442"},{"taxonomy":"product_tag","embeddable":true,"href":"https:\/\/atafidancilik.com\/demo\/wp-json\/wp\/v2\/product_tag?post=2442"}],"curies":[{"name":"wp","href":"https:\/\/api.w.org\/{rel}","templated":true}]}}